alculate the highest common divisor of u and 19.
19
Suppose -4*u + 2*t = 358, 2*t + 417 = -4*u + 71. Let a be 180*(u/(-12) + -4). Suppose a = k + 4*k. What is the greatest common divisor of 48 and k?
24
Suppose 0 = -4*c - 16 - 0. Let g be (3 - (-8)/4) + c. Let i(t) = -2*t**3 + 24*t**2 + 28*t - 24. Let y be i(13). What is the greatest common divisor of g and y?
1
Suppose 0 = 20*m - 12623 + 43. Suppose m*o - 625*o - 12 = 0. Calculate the greatest common divisor of o and 177.
3
Suppose -2*k + 227 = v + 36, -3*k - 4*v + 274 = 0. What is the highest common divisor of 1519 and k?
49
Let j = 14 - 7. Let g(f) = 9*f - 163. Let s(n) = 7*n - 161. Let x(k) = 6*g(k) - 7*s(k). Let p be x(-27). Calculate the highest common factor of p and j.
7
Let s be (-12824)/(-140) - (-2 + 16/10). Suppose -89*w = -s*w + 798. Calculate the highest common divisor of 57 and w.
19
Suppose -988*c + 585 = -923*c. What is the greatest common factor of 576 and c?
9
Let o(t) = -31*t - 2819. Let b be o(-103). Calculate the greatest common factor of 527 and b.
17
Suppose 21530 + 4833 = 32*d + 4123. What is the highest common divisor of 278 and d?
139
Let f be (602/172)/(14/680). What is the highest common divisor of 2108 and f?
34
Suppose 4*x + 97 = -5*s, s = 2*x - 5*x - 15. Let b(w) = -w + 75. Let a be b(s). What is the highest common divisor of a and 36?
12
Let f(v) = 4*v + 390. Let c be f(-12). What is the highest common divisor of c and 180?
18
Suppose 5*d - 69 = 26. Let i = -9 + d. Let k be (-8)/22 - (6 + 148/(-44) - (-16 + 23)). What is the greatest common factor of i and k?
2
Suppose 7*h = 8*h - 1. Let y be (3 - h)*25/10. Suppose 0 = y*d + 47 - 237. Calculate the highest common factor of 19 and d.
19
Let q = 4393 - 3185. Calculate the highest common divisor of 1661 and q.
151
Suppose -75*o + 151598 + 18871 = 66*o. Calculate the highest common divisor of o and 1767.
93
Let m(k) = -26*k + 73. Let t = -228 + 223. Let n be m(t). Calculate the highest common factor of 58 and n.
29
Let f = 23499 - 22027. Calculate the highest common factor of 464 and f.
16
Let d be 3/(-2)*(68/(-6) - -8). Let i be 3550/20 + 3/(-6) + d. What is the greatest common divisor of 56 and i?
14
Let r be (-2 + 56/32)*(-18 + -2). Suppose s = 2*c + 69, 2*s + 14 = -r*c + 179. What is the greatest common factor of s and 6?
3
Let k(l) = l**2 + 5*l - 84. Let q be k(-24). Calculate the greatest common factor of q and 93.
93
Let o(x) = -x**3 - 25*x**2 - 25*x - 21. Let w be o(-24). Suppose -w*r + 42 = 3*r. Let t be 9/3 + 4*1. What is the greatest common factor of r and t?
7
Suppose -27*w = -11*w + 160. Let p be (-2 - 6/5)/(4/w). Let m(c) = -c + 16. Let v be m(0). What is the highest common factor of v and p?
8
Suppose 0*f = -4*f. Let l be 2 - (7 + -3 + f)/(-2). Suppose 0 = 3*w + l*s - 602, -3*w + 663 = s + 67. Calculate the highest common divisor of w and 22.
22
Let t(s) = -s**3 + 43*s**2 - 255*s + 90. Let z be t(35). Calculate the highest common factor of z and 6176.
193
Let k = -3058 + 3832. Calculate the greatest common factor of 946 and k.
86
Let f be 188/8*17*8. Suppose -4263 = -2*u - 2*u - 5*m, 0 = -3*u - 4*m + f. What is the greatest common divisor of 16 and u?
16
Let q(m) = -6*m - 60. Let h be q(-11). Suppose 7 = 2*a - 5*o, 2 = a - 4*o + h. What is the greatest common factor of a and 12?
4
Suppose -5*z - 3*s + 1302 = 0, 3*z - 52 - 706 = 4*s. Let m = z + -123. Calculate the highest common divisor of 75 and m.
15
Let p(g) = -4*g**2 - 4*g - 14. Let s be p(-6). Let h be (5/5)/(s/68 + 2). Calculate the greatest common divisor of 51 and h.
17
Suppose 0 = -3*p - 3*w + 23823, -3270 = 3*p - 2*w - 27078. Calculate the greatest common divisor of p and 196.
98
Let h = -53 + 88. Let g = h + -26. Let k(j) = -13*j - 15. Let n be k(-6). Calculate the greatest common factor of n and g.
9
Let w(p) = p**2 - 13*p + 26. Let d be w(11). Suppose d*l - u - 7 = 10, 0 = -3*l - u + 11. Let j be l + 5/(5/66). What is the highest common factor of j and 10?
10
Suppose -g + 5*s + 63 = 0, 5*s - s + 268 = 4*g. Let v = g - 60. Let m be (-157)/(-5) - 11*v/220. Calculate the greatest common factor of 31 and m.
31
Suppose -2*u = 5*a - 8855, 13632 = 2*u - 4*a + 4714. Calculate the greatest common factor of 21 and u.
7
Suppose 697 = 4*y - 1071. Suppose -2*u = 4*t - 128, t + u + 65 = 95. Calculate the greatest common factor of t and y.
34
Let p be (111/(-74))/((-1)/(-76)). Let y be p*(-3 + (-56)/(-24)). What is the highest common divisor of 190 and y?
38
Let j(v) = -19*v + 205. Let g be j(5). Let i be (-9 - -6)*20/(-6). Calculate the greatest common divisor of i and g.
10
Suppose 5 + 19 = -2*i. Let g = 0 - i. Suppose -159 = -3*t + 3*v, 5*t - 18*v + 23*v = 215. What is the greatest common divisor of g and t?
12
Suppose -2*r - 10*h + 521 = -7*h, 5*r - 1292 = -4*h. Let n(b) = b**3 + 10*b**2 - 4*b - 8. Let v be n(-10). Calculate the highest common factor of r and v.
32
Let j be 196/(-84)*378/(-10) - 1/5. Calculate the highest common divisor of j and 1166.
22
Let p be 2/9 - 299/9. Let h be 3/(-2)*44/p. Suppose 4*n - h = 10. What is the highest common divisor of 21 and n?
3
Let v = 32 - 27. Suppose 2*o + v*t = -33, -5*o = -7*t + 4*t + 98. Let r = o + 54. What is the highest common divisor of r and 15?
5
Let r(q) = q**3 - 10*q**2 - 294*q - 19. Let b be r(23). Calculate the highest common factor of b and 5376.
96
Let p = 22797 - 21394. What is the highest common divisor of p and 253?
23
Let n = 6481 + -4701. What is the highest common divisor of 80 and n?
20
Let p(j) = j**3 - 26*j + 5. Let t be p(5). Suppose t = 4*l + 2*q - 94, 5*l - 130 = q - 6*q. Calculate the highest common factor of 15 and l.
3
Suppose 5*p = j + 4*p - 36, 2*j + 3*p = 62. Suppose j*a - 31*a = 15. Let w be (-1)/(2/4*-2). Calculate the greatest common factor of a and w.
1
Suppose 244*n + 251*n = -236*n + 4386. Let a = 6 + 0. Calculate the greatest common factor of a and n.
6
Let h be 1 + (7211 - 4) - 4. Let d be h/18 - (-78)/(-351). What is the greatest common divisor of d and 25?
25
Let g be (39*(-7)/(-21) - 15) + (-1 - -113). What is the highest common divisor of 18370 and g?
110
Suppose 2*n - 399 - 2549 = x, -4*x = 2*n + 11802. Let r be 3*(-2)/9 + x/(-177). Calculate the highest common factor of 128 and r.
16
Let k(c) = c**3 + 7*c**2 + 11*c + 6. Let i = -175 - -171. Let y be k(i). Calculate the greatest common factor of 95 and y.
5
Suppose 2411 = 6*u + 1211. What is the highest common factor of u and 152?
8
Suppose -5*b + 84 = -u, b - 224 = 2*u + 5*b. Let c = u - -203. Let x = 34 - 23. Calculate the highest common factor of c and x.
11
Suppose 5*d + 21 = -19. Let k(m) = -4*m + 19. Let c be k(d). Suppose 103*w = 95*w + 272. What is the highest common factor of c and w?
17
Suppose -6*n = -4*n - 80. Suppose 45*u - 50 = n*u. Suppose 0*c = 4*k - 3*c - 46, -16 = -2*k - 2*c. Calculate the highest common divisor of k and u.
10
Suppose -3*u + 3 = 0, 2*u + 4262 = 499*i - 497*i. Calculate the greatest common divisor of 104 and i.
52
Let l be (-1)/(-2)*(41 + 65). Suppose -l*h = -69*h + 768. Calculate the highest common divisor of 408 and h.
24
Let u(d) = -187*d + 239. Let h be u(-9). Calculate the greatest common divisor of h and 186.
62
Suppose -324 - 4408 = -28*s. What is the greatest common factor of 26 and s?
13
Let k = -3010 + 3019. Let o(g) = -g**3 - 3*g**2 - g + 3. Let s be o(-3). Let d be (-18)/4*(4 - s). Calculate the greatest common divisor of k and d.
9
Let r(y) = -y**3 + 15*y**2 + 18*y - 22. Let z be r(16). Suppose 2*c = -z - 6. Let g be (-6)/1*((-84)/c)/(-3). What is the highest common divisor of g and 42?
21
Let d = -32 - -147. Let g = d - 50. Calculate the highest common divisor of 10 and g.
5
Suppose 17*a = a - 95 + 639. What is the greatest common divisor of 34 and a?
34
Let q(b) = 7*b**3 - 4*b**2 + 13*b - 49. Let x be q(4). Calculate the highest common factor of 171 and x.
9
Suppose g + g = 414. Let q be 3 + ((-1 - -13)/4 - 178/(-1)). Calculate the highest common factor of g and q.
23
Let q be 6 + 35/(-15) - 3/(-9). Calculate the greatest common divisor of 52 and q.
4
Suppose 3*u - 21 = 0, -724*g + 4*u + 590 = -722*g. What is the highest common factor of g and 1751?
103
Let i be 589 + 0/(1 + -3). Let g be (-2)/(-31*114/54777). Calculate the greatest common factor of i and g.